{"id":459,"date":"2024-10-23T06:00:19","date_gmt":"2024-10-23T06:00:19","guid":{"rendered":"https:\/\/ikincielesyadan.com\/magaza\/?post_type=product&#038;p=459"},"modified":"2024-10-23T06:00:19","modified_gmt":"2024-10-23T06:00:19","slug":"surgulu-kapili-gardrop-ve-aynali-ikinci-el-elbise-dolabi","status":"publish","type":"product","link":"https:\/\/ikincielesyadan.com\/magaza\/urun\/surgulu-kapili-gardrop-ve-aynali-ikinci-el-elbise-dolabi\/","title":{"rendered":"S\u00dcRG\u00dcL\u00dc KAPILI GARDROP VE AYNALI \u0130K\u0130NC\u0130 EL ELB\u0130SE DOLABI"},"content":{"rendered":"<p><img loading=\"lazy\" decoding=\"async\" class=\"aligncenter size-full wp-image-460\" src=\"https:\/\/ikincielesyadan.com\/magaza\/wp-content\/uploads\/2024\/10\/SURGULU-KAPILI-GARDROP-VE-AYNALI-3.png\" alt=\"\" width=\"771\" height=\"622\" title=\"\" srcset=\"https:\/\/ikincielesyadan.com\/magaza\/wp-content\/uploads\/2024\/10\/SURGULU-KAPILI-GARDROP-VE-AYNALI-3.png 771w, https:\/\/ikincielesyadan.com\/magaza\/wp-content\/uploads\/2024\/10\/SURGULU-KAPILI-GARDROP-VE-AYNALI-3-300x242.png 300w, https:\/\/ikincielesyadan.com\/magaza\/wp-content\/uploads\/2024\/10\/SURGULU-KAPILI-GARDROP-VE-AYNALI-3-768x620.png 768w, https:\/\/ikincielesyadan.com\/magaza\/wp-content\/uploads\/2024\/10\/SURGULU-KAPILI-GARDROP-VE-AYNALI-3-600x484.png 600w\" sizes=\"auto, (max-width: 771px) 100vw, 771px\" \/><\/p>\n","protected":false},"excerpt":{"rendered":"<p>S\u00dcRG\u00dcL\u00dc KAPILI GARDROP VE AYNALI \u0130K\u0130NC\u0130 EL ELB\u0130SE DOLABI \u00d6zellikle aynal\u0131 modeller, K\u00fc\u00e7\u00fck s\u00fcrg\u00fcl\u00fc dolap, ihtiyac\u0131n\u0131z olan saklama kapasitesini size sunar. Dar alanlar\u0131 ekstra ayna ihtiyac\u0131n\u0131 ortadan kald\u0131r\u0131r. Kapakl\u0131 modellerin tek ya da birden \u00e7ok Gard\u0131rop ve Elbise Dolab\u0131 ; 5 kapal\u0131 gard\u0131rop. 10.000 TL kap\u0131s\u0131nda ayna bulunabilir. S\u00fcrg\u00fcl\u00fc modellerde  Minar Kale 2 Kapakl\u0131 Aynal\u0131 S\u00fcrg\u00fcl\u00fc Dolap 180 cm. En Ucuz<\/p>\n","protected":false},"featured_media":460,"template":"","meta":[],"product_brand":[],"product_cat":[34],"product_tag":[],"class_list":{"0":"post-459","1":"product","2":"type-product","3":"status-publish","4":"has-post-thumbnail","6":"product_cat-ikinci-el-mobilya","8":"first","9":"instock","10":"sale","11":"shipping-taxable","12":"purchasable","13":"product-type-simple"},"_links":{"self":[{"href":"https:\/\/ikincielesyadan.com\/magaza\/wp-json\/wp\/v2\/product\/459","targetHints":{"allow":["GET"]}}],"collection":[{"href":"https:\/\/ikincielesyadan.com\/magaza\/wp-json\/wp\/v2\/product"}],"about":[{"href":"https:\/\/ikincielesyadan.com\/magaza\/wp-json\/wp\/v2\/types\/product"}],"wp:featuredmedia":[{"embeddable":true,"href":"https:\/\/ikincielesyadan.com\/magaza\/wp-json\/wp\/v2\/media\/460"}],"wp:attachment":[{"href":"https:\/\/ikincielesyadan.com\/magaza\/wp-json\/wp\/v2\/media?parent=459"}],"wp:term":[{"taxonomy":"product_brand","embeddable":true,"href":"https:\/\/ikincielesyadan.com\/magaza\/wp-json\/wp\/v2\/product_brand?post=459"},{"taxonomy":"product_cat","embeddable":true,"href":"https:\/\/ikincielesyadan.com\/magaza\/wp-json\/wp\/v2\/product_cat?post=459"},{"taxonomy":"product_tag","embeddable":true,"href":"https:\/\/ikincielesyadan.com\/magaza\/wp-json\/wp\/v2\/product_tag?post=459"}],"curies":[{"name":"wp","href":"https:\/\/api.w.org\/{rel}","templated":true}]}}