{"id":472,"date":"2025-04-14T14:33:16","date_gmt":"2025-04-14T14:33:16","guid":{"rendered":"https:\/\/ikincielesyadan.com\/magaza\/?post_type=product&#038;p=472"},"modified":"2025-04-14T14:33:16","modified_gmt":"2025-04-14T14:33:16","slug":"sifir-ve-ikinci-el-trapez-sac-ikinci-el-fiyatlari-ve-cesitlerini-guvenilir","status":"publish","type":"product","link":"https:\/\/ikincielesyadan.com\/magaza\/urun\/sifir-ve-ikinci-el-trapez-sac-ikinci-el-fiyatlari-ve-cesitlerini-guvenilir\/","title":{"rendered":"S\u0131f\u0131r ve ikinci el Trapez Sac \u0130kinci El fiyatlar\u0131 ve \u00e7e\u015fitlerini g\u00fcvenilir"},"content":{"rendered":"<p><img loading=\"lazy\" decoding=\"async\" class=\"aligncenter size-full wp-image-474\" src=\"https:\/\/ikincielesyadan.com\/magaza\/wp-content\/uploads\/2025\/04\/Sifir-ve-ikinci-el-Trapez-Sac-Ikinci-El-1.png\" alt=\"\" width=\"714\" height=\"530\" title=\"\" srcset=\"https:\/\/ikincielesyadan.com\/magaza\/wp-content\/uploads\/2025\/04\/Sifir-ve-ikinci-el-Trapez-Sac-Ikinci-El-1.png 714w, https:\/\/ikincielesyadan.com\/magaza\/wp-content\/uploads\/2025\/04\/Sifir-ve-ikinci-el-Trapez-Sac-Ikinci-El-1-300x223.png 300w, https:\/\/ikincielesyadan.com\/magaza\/wp-content\/uploads\/2025\/04\/Sifir-ve-ikinci-el-Trapez-Sac-Ikinci-El-1-160x120.png 160w, https:\/\/ikincielesyadan.com\/magaza\/wp-content\/uploads\/2025\/04\/Sifir-ve-ikinci-el-Trapez-Sac-Ikinci-El-1-600x445.png 600w\" sizes=\"auto, (max-width: 714px) 100vw, 714px\" \/><\/p>\n","protected":false},"excerpt":{"rendered":"<p>S\u0131f\u0131r ve ikinci el Trapez Sac \u0130kinci El fiyatlar\u0131 ve \u00e7e\u015fitlerini g\u00fcvenilir 2.el trapez sa\u00e7 fiyatlar\u0131 letgo<br \/>\n2.el trapez sa\u00e7 fiyatlar\u0131 sahibinden<br \/>\nTRAPEZ SAC sahibinden<br \/>\n2.el \u00e7at\u0131 sac\u0131 fiyatlar\u0131 sahibinden<br \/>\n2.el trapez sa\u00e7 fiyatlar\u0131 letgo izmit kocaeli yak\u0131n\u0131nda<br \/>\n6 metre boyal\u0131 trapez sac Fiyatlar\u0131<\/p>\n","protected":false},"featured_media":473,"template":"","meta":[],"product_brand":[],"product_cat":[15],"product_tag":[],"class_list":{"0":"post-472","1":"product","2":"type-product","3":"status-publish","4":"has-post-thumbnail","6":"product_cat-ikinci-el-esya","8":"first","9":"instock","10":"sale","11":"shipping-taxable","12":"purchasable","13":"product-type-simple"},"_links":{"self":[{"href":"https:\/\/ikincielesyadan.com\/magaza\/wp-json\/wp\/v2\/product\/472","targetHints":{"allow":["GET"]}}],"collection":[{"href":"https:\/\/ikincielesyadan.com\/magaza\/wp-json\/wp\/v2\/product"}],"about":[{"href":"https:\/\/ikincielesyadan.com\/magaza\/wp-json\/wp\/v2\/types\/product"}],"wp:featuredmedia":[{"embeddable":true,"href":"https:\/\/ikincielesyadan.com\/magaza\/wp-json\/wp\/v2\/media\/473"}],"wp:attachment":[{"href":"https:\/\/ikincielesyadan.com\/magaza\/wp-json\/wp\/v2\/media?parent=472"}],"wp:term":[{"taxonomy":"product_brand","embeddable":true,"href":"https:\/\/ikincielesyadan.com\/magaza\/wp-json\/wp\/v2\/product_brand?post=472"},{"taxonomy":"product_cat","embeddable":true,"href":"https:\/\/ikincielesyadan.com\/magaza\/wp-json\/wp\/v2\/product_cat?post=472"},{"taxonomy":"product_tag","embeddable":true,"href":"https:\/\/ikincielesyadan.com\/magaza\/wp-json\/wp\/v2\/product_tag?post=472"}],"curies":[{"name":"wp","href":"https:\/\/api.w.org\/{rel}","templated":true}]}}